-24 (base 16) in base 13?
-2a
Convert -1 (base 15) to base 14.
-1
82 (base 12) to base 11
8a
Convert -1312 (base 4) to base 9.
-141
What is -78 (base 16) in base 7?
-231
5b (base 13) to base 5
301
What is 3 (base 9) in base 8?
3
Convert -3 (base 11) to base 8.
-3
Convert -261 (base 8) to base 9.
-216
98 (base 10) to base 13
77
-13 (base 14) to base 11
-16
5 (base 11) to base 15
5
Convert -153 (base 7) to base 6.
-223
-16 (base 16) to base 7
-31
Convert -166 (base 14) to base 12.
-1ba
1 (base 15) to base 11
1
Convert 8b (base 14) to base 8.
173
-114 (base 5) to base 11
-31
0 (base 11) to base 5
0
-2 (base 12) to base 2
-10
What is 7 (base 15) in base 4?
13
Convert -1101 (base 3) to base 13.
-2b
What is 6 (base 14) in base 3?
20
What is 5 (base 8) in base 7?
5
What is -3 (base 13) in base 14?
-3
Convert -7 (base 15) to base 4.
-13
9d (base 16) to base 5
1112
Convert 3 (base 14) to base 5.
3
Convert 1130 (base 4) to base 8.
134
What is -161 (base 15) in base 13?
-1b4
Convert -1 (base 8) to base 3.
-1
-20 (base 3) to base 6
-10
Convert 32 (base 14) to base 5.
134
What is 2 (base 10) in base 2?
10
-2 (base 8) to base 16
-2
Convert 31 (base 11) to base 16.
22
-90 (base 10) to base 3
-10100
What is 100111 (base 2) in base 3?
1110
2 (base 6) to base 4
2
9 (base 12) to base 2
1001
26 (base 10) to base 4
122
Convert -3 (base 13) to base 7.
-3
What is 3 (base 15) in base 13?
3
-11000 (base 3) to base 9
-130
37 (base 10) to base 11
34
What is -18 (base 13) in base 11?
-1a
What is 21 (base 7) in base 11?
14
Convert 7c (base 13) to base 3.
10211
Convert -17 (base 12) to base 5.
-34
9 (base 11) to base 15
9
What is -2 (base 12) in base 6?
-2
Convert -2 (base 4) to base 14.
-2
-22 (base 6) to base 14
-10
Convert -2 (base 12) to base 3.
-2
Convert 0 (base 7) to base 3.
0
What is 11 (base 10) in base 9?
12
What is 1313 (base 4) in base 2?
1110111
What is 44 (base 6) in base 13?
22
-3 (base 15) to base 5
-3
What is 554 (base 8) in base 6?
1404
a (base 15) to base 3
101
What is 39 (base 15) in base 7?
105
Convert -10 (base 5) to base 8.
-5
Convert 6 (base 7) to base 4.
12
4 (base 13) to base 16
4
What is 12 (base 11) in base 7?
16
-7 (base 12) to base 15
-7
Convert 110 (base 2) to base 11.
6
10 (base 2) to base 4
2
1020 (base 5) to base 3
12000
What is 4 (base 5) in base 13?
4
1 (base 8) to base 3
1
-3 (base 16) to base 9
-3
What is -3 (base 10) in base 16?
-3
-21 (base 5) to base 7
-14
What is -170 (base 11) in base 12?
-146
1 (base 5) to base 11
1
Convert -21 (base 10) to base 12.
-19
What is 110 (base 3) in base 14?
c
Convert 11111 (base 2) to base 7.
43
What is 4 (base 15) in base 6?
4
What is 140 (base 12) in base 9?
233
Convert -2 (base 6) to base 7.
-2
58 (base 15) to base 12
6b
10110101 (base 2) to base 5
1211
-11001111 (base 2) to base 13
-12c
0 (base 7) to base 9
0
What is 4 (base 11) in base 16?
4
Convert 11 (base 11) to base 10.
12
Convert 460 (base 8) to base 15.
154
Convert -101100 (base 2) to base 8.
-54
331 (base 5) to base 13
70
Convert 14 (base 7) to base 12.
b
What is -10 (base 7) in base 16?
-7
15 (base 9) to base 14
10
-3 (base 14) to base 3
-10
5 (base 13) to base 16
5
What is 4 (base 15) in base 8?
4
What is 2 (base 16) in base 7?
2
Convert 10000 (base 2) to base 11.
15
What is -240 (base 7) in base 2?
-1111110
33 (base 9) to base 6
50
23 (base 10) to base 16
17
Convert -2 (base 6) to base 14.
-2
Convert 1 (base 10) to base 16.
1
20 (base 15) to base 2
11110
What is -1 (base 4) in base 2?
-1
1111001 (base 2) to base 15
81
What is 0 (base 4) in base 5?
0
125 (base 8) to base 2
1010101
What is 2 (base 7) in base 16?
2
-24 (base 9) to base 5
-42
-8 (base 9) to base 15
-8
Convert 4 (base 5) to base 9.
4
What is 101002 (base 3) in base 8?
420
-1 (base 5) to base 3
-1
What is -9 (base 11) in base 3?
-100
Convert 312 (base 7) to base 6.
420
What is 1f (base 16) in base 8?
37
Convert 16 (base 13) to base 3.
201
Convert -244 (base 5) to base 11.
-68
Convert 1222 (base 3) to base 7.
104
What is -10 (base 6) in base 13?
-6
-16 (base 15) to base 12
-19
-f (base 16) to base 10
-15
Convert 38 (base 11) to base 10.
41
What is -5a (base 14) in base 16?
-50
1 (base 14) to base 16
1
12 (base 13) to base 14
11
Convert -3 (base 6) to base 10.
-3
Convert -20 (base 10) to base 9.
-22
What is 173 (base 15) in base 13?
1c8
Convert 153 (base 6) to base 14.
4d
-a (base 13) to base 7
-13
267 (base 10) to base 14
151
Convert 12 (base 16) to base 11.
17
What is 2 (base 15) in base 3?
2
What is -4 (base 14) in base 9?
-4
What is 3 (base 16) in base 13?
3
What is 20 (base 11) in base 6?
34
What is 20 (base 7) in base 15?
e
-3 (base 9) to base 4
-3
-12 (base 11) to base 10
-13
What is -1111 (base 3) in base 9?
-44
1 (base 15) to base 4
1
Convert 2 (base 12) to base 6.
2
Convert -f (base 16) to base 8.
-17
Convert 4 (base 9) to base 13.
4
Convert -404 (base 10) to base 9.
-488
What is -59 (base 10) in base 16?
-3b
What is 9 (base 14) in base 10?
9
-1 (base 15) to base 7
-1
What is -95 (base 16) in base 9?
-175
-31 (base 9) to base 12
-24
-2 (base 5) to base 16
-2
Convert 41 (base 8) to base 11.
30
What is -25 (base 6) in base 9?
-18
1 (base 4) to base 3
1
Convert -1 (base 12) to base 6.
-1
What is -444 (base 5) in base 16?
-7c
Convert -1 (base 4) to base 16.
-1
Convert -27 (base 15) to base 5.
-122
Convert 0 (base 12) to base 15.
0
19 (base 16) to base 10
25
What is -3 (base 11) in base 13?
-3
What is -8 (base 16) in base 13?
-8
Convert 13 (base 12) to base 14.
11
Convert 44 (base 6) to base 10.
28
5 (base 14) to base 16
5
-1303 (base 4) to base 3
-11021
What is 0 (base 15) in base 8?
0
What is -10 (base 2) in base 6?
-2
66 (base 12) to base 5
303
Convert -7 (base 14) to base 9.
-7
Convert 16 (base 12) to base 11.
17
-123 (base 11) to base 6
-402
What is 67 (base 15) in base 8?
141
Convert 0 (base 9) to base 15.
0
-7 (base 13) to base 11
-7
12 (base 15) to base 3
122
Convert -5 (base 14) to base 5.
-10
What is -13 (base 6) in base 12?
-9
3 (base 16) to base 10
3
d (base 14) to base 6
21
1 (base 4) to base 13
1
Convert 10 (base 3) to base 11.
3
Convert -120 (base 4) to base 10.
-24
Convert 188 (base 9) to base 7.
320
-3 (base 5) to base 6
-3
What is -11 (base 8) in base 11?
-9
5 (base 14) to base 5
10
-142 (base 6) to base 14
-46
-4 (base 13) to base 15
-4
-111 (base 4) to base 16
-15
What is 85 (base 10) in base 2?
1010101
61 (base 8) to base 10
49
0 (base 7) to base 2
0
Convert -1 (base 10) to base 12.
-1
-15 (base 13) to base 5
-33
13 (base 7) to base 5
20
What is 13 (base 4) in base 14?
7
10 (base 4) to base 6
4
4 (base 16) to base 14
4
Convert -1111 (base 2) to base 16.
-f
Convert -3 (base 8) to base 9.
-3
What is 30 (base 13) in base 16?
27
-3 (base 7) to base 3
-10
Convert -24 (base 16) to base 3.
-1100
20 (base 3) to base 13
6
-4 (base 13) to base 3
-11
Convert 1222 (base 3) to base 5.
203
Convert 0 (base 4) to base 16.
0
-5 (base 15) to base 5
-10
What is 7 (base 10) in base 8?
7
86 (base 11) to base 2
1011110
Convert 1 (base 9) to base 8.
1
Convert -c4 (base 16) to base 8.
-304
Convert 1 (base 3) to base 10.
1
-33 (base 4) to base 5
-30
36 (base 13) to base 4
231
What is -1c (base 16) in base 9?
-31
What is -2e (base 16) in base 4?
-232
19 (base 15) to base 2
11000
Convert 111 (base 3) to base 15.
d
-10 (base 8) to base 10
-8
What is 110 (base 6) in base 5?
132
What is 535 (base 7) in base 5?
2041
What is 0 (base 7) in base 2?
0
Convert 133 (base 5) to base 15.
2d
Convert -59 (base 14) to base 15.
-54
52 (base 9) to base 7
65
What is 22 (base 10) in base 4?
112
Convert -1 (base 14) to base 4.
-1
-20 (base 15) to base 16
-1e
-12 (base 10) to base 15
-c
What is -1 (base 9) in base 11?
-1
What is 16 (base 13) in base 16?
13
What is -1110 (base 4) in base 7?
-150
2011 (base 3) to base 8
72
What is 223 (base 10) in base 4?
3133
-5 (base 12) to base 8
-5
What is -58 (base 15) in base 6?
-215
Convert -270 (base 8) to base 9.
-224
Convert -10 (base 2) to base 8.
-2
Convert -3 (base 12) to base 4.
-3
-149 (base 11) to base 14
-c6
Convert -ad (base 16) to base 4.
-2231
Convert 245 (base 6) to base 3.
10202
23 (base 4) to base 15
b
What is -94 (base 13) in base 5?
-441
What is -7 (base 8) in base 2?
-111
Convert 48 (base 11) to base 6.
124
Convert 0 (base 14) to base 11